146175 is divided by 10440.
15
What is the remainder when 734 is divided by 361?
12
What is the remainder when 6585 is divided by 3286?
13
What is the remainder when 7929 is divided by 2424?
657
What is the remainder when 13973 is divided by 27?
14
What is the remainder when 3157 is divided by 1554?
49
Calculate the remainder when 924857 is divided by 66.
65
What is the remainder when 2385 is divided by 318?
159
What is the remainder when 7222 is divided by 281?
197
What is the remainder when 23869 is divided by 13?
1
Calculate the remainder when 47001 is divided by 5868.
57
What is the remainder when 942674 is divided by 25?
24
Calculate the remainder when 62664 is divided by 29.
24
Calculate the remainder when 2472 is divided by 232.
152
Calculate the remainder when 19521 is divided by 630.
621
Calculate the remainder when 907 is divided by 117.
88
Calculate the remainder when 17576 is divided by 675.
26
Calculate the remainder when 125110 is divided by 24.
22
What is the remainder when 175748 is divided by 50?
48
What is the remainder when 8413 is divided by 364?
41
Calculate the remainder when 4240 is divided by 302.
12
What is the remainder when 9141 is divided by 1151?
1084
What is the remainder when 1023450 is divided by 331?
329
What is the remainder when 38321 is divided by 451?
437
What is the remainder when 3152 is divided by 304?
112
Calculate the remainder when 3387 is divided by 9.
3
Calculate the remainder when 459 is divided by 182.
95
What is the remainder when 3507 is divided by 247?
49
What is the remainder when 147 is divided by 9?
3
What is the remainder when 14460 is divided by 2060?
40
What is the remainder when 61396 is divided by 381?
55
What is the remainder when 1475732 is divided by 68?
64
What is the remainder when 5242 is divided by 17?
6
What is the remainder when 12158 is divided by 1010?
38
Calculate the remainder when 8103 is divided by 1551.
348
What is the remainder when 875 is divided by 381?
113
What is the remainder when 454433 is divided by 179?
131
Calculate the remainder when 618999 is divided by 20633.
9
What is the remainder when 9897 is divided by 115?
7
What is the remainder when 8234698 is divided by 10?
8
Calculate the remainder when 41399 is divided by 37.
33
What is the remainder when 29425 is divided by 9798?
31
Calculate the remainder when 2533 is divided by 14.
13
What is the remainder when 1857 is divided by 840?
177
Calculate the remainder when 4247 is divided by 22.
1
Calculate the remainder when 33023 is divided by 550.
23
Calculate the remainder when 12092 is divided by 36.
32
Calculate the remainder when 1094904 is divided by 208.
200
Calculate the remainder when 26240 is divided by 45.
5
Calculate the remainder when 29923 is divided by 25.
23
What is the remainder when 5236 is divided by 5214?
22
What is the remainder when 39056 is divided by 1698?
2
Calculate the remainder when 13930 is divided by 13917.
13
What is the remainder when 75619 is divided by 273?
271
What is the remainder when 18331 is divided by 1665?
16
What is the remainder when 309709 is divided by 77423?
17
Calculate the remainder when 46594 is divided by 847.
9
What is the remainder when 425999 is divided by 12?
11
Calculate the remainder when 899 is divided by 128.
3
Calculate the remainder when 20138 is divided by 560.
538
Calculate the remainder when 380349 is divided by 48.
45
Calculate the remainder when 22561 is divided by 118.
23
What is the remainder when 382469 is divided by 165?
164
Calculate the remainder when 202858 is divided by 690.
688
What is the remainder when 5807 is divided by 162?
137
What is the remainder when 80127 is divided by 564?
39
Calculate the remainder when 35908 is divided by 1203.
1021
What is the remainder when 24628 is divided by 4103?
10
Calculate the remainder when 173423 is divided by 2313.
2261
What is the remainder when 24899 is divided by 293?
287
Calculate the remainder when 17625 is divided by 118.
43
What is the remainder when 1604 is divided by 406?
386
What is the remainder when 16722 is divided by 561?
453
What is the remainder when 877358 is divided by 16?
14
What is the remainder when 4584 is divided by 16?
8
Calculate the remainder when 512248 is divided by 26.
22
What is the remainder when 9473 is divided by 4344?
785
Calculate the remainder when 16387 is divided by 68.
67
Calculate the remainder when 43757 is divided by 1050.
707
Calculate the remainder when 27121 is divided by 155.
151
Calculate the remainder when 439526 is divided by 701.
700
What is the remainder when 461101 is divided by 875?
851
What is the remainder when 1329 is divided by 27?
6
Calculate the remainder when 9201 is divided by 46.
1
What is the remainder when 112407 is divided by 53?
47
Calculate the remainder when 3307 is divided by 3306.
1
Calculate the remainder when 102578 is divided by 92.
90
What is the remainder when 76124 is divided by 25?
24
What is the remainder when 64059 is divided by 31984?
91
What is the remainder when 10055 is divided by 272?
263
What is the remainder when 461 is divided by 115?
1
Calculate the remainder when 1350 is divided by 673.
4
Calculate the remainder when 462107 is divided by 388.
387
What is the remainder when 10438 is divided by 25?
13
Calculate the remainder when 1578725 is divided by 458.
457
What is the remainder when 768327 is divided by 15680?
7
What is the remainder when 42 is divided by 10?
2
Calculate the remainder when 7797 is divided by 163.
136
Calculate the remainder when 42620 is divided by 52.
32
Calculate the remainder when 7596 is divided by 12.
0
What is the remainder when 738 is divided by 474?
264
Calculate the remainder when 61689 is divided by 291.
288
What is the remainder when 147418 is divided by 23?
11
Calculate the remainder when 10754 is divided by 513.
494
What is the remainder when 220113 is divided by 98?
5
What is the remainder when 65251 is divided by 147?
130
Calculate the remainder when 4394 is divided by 232.
218
Calculate the remainder when 14417 is divided by 1507.
854
Calculate the remainder when 150857 is divided by 578.
577
Calculate the remainder when 64812 is divided by 1.
0
Calculate the remainder when 2999 is divided by 115.
9
Calculate the remainder when 3587 is divided by 1425.
737
What is the remainder when 27835 is divided by 230?
5
Calculate the remainder when 149273 is divided by 149262.
11
Calculate the remainder when 12210 is divided by 1622.
856
What is the remainder when 6145 is divided by 307?
5
What is the remainder when 12052 is divided by 1258?
730
Calculate the remainder when 44705 is divided by 667.
16
Calculate the remainder when 65555 is divided by 41.
37
Calculate the remainder when 96681 is divided by 317.
313
What is the remainder when 6292 is divided by 199?
123
Calculate the remainder when 82519 is divided by 9167.
16
What is the remainder when 1734 is divided by 79?
75
What is the remainder when 112845 is divided by 12?
9
Calculate the remainder when 6217 is divided by 639.
466
What is the remainder when 95505 is divided by 1386?
1257
Calculate the remainder when 2602 is divided by 175.
152
What is the remainder when 1769 is divided by 195?
14
What is the remainder when 3038865 is divided by 17?
13
What is the remainder when 6247799 is divided by 2403?
2402
Calculate the remainder when 57303 is divided by 365.
363
What is the remainder when 8936 is divided by 82?
80
What is the remainder when 4684 is divided by 1139?
128
Calculate the remainder when 78617 is divided by 15715.
42
What is the remainder when 2046 is divided by 22?
0
Calculate the remainder when 29424 is divided by 643.
489
Calculate the remainder when 23801 is divided by 7931.
8
Calculate the remainder when 2107 is divided by 1053.
1
What is the remainder when 7487 is divided by 3731?
25
What is the remainder when 12353 is divided by 4109?
26
What is the remainder when 251561 is divided by 1170?
11
What is the remainder when 10430 is divided by 2235?
1490
Calculate the remainder when 26198 is divided by 709.
674
Calculate the remainder when 3574 is divided by 835.
234
What is the remainder when 6185 is divided by 6?
5
What is the remainder when 26441 is divided by 75?
41
What is the remainder when 69036 is divided by 